{"id":390,"date":"2025-07-16T18:38:23","date_gmt":"2025-07-16T18:38:23","guid":{"rendered":"https:\/\/reviewest.co\/?page_id=390"},"modified":"2025-07-28T14:27:56","modified_gmt":"2025-07-28T14:27:56","slug":"frequently-asked-questions","status":"publish","type":"page","link":"https:\/\/reviewest.online\/index.php\/frequently-asked-questions\/","title":{"rendered":"H\u00e4ufig gestellte Fragen"},"content":{"rendered":"\n<p><strong>Fragen?<\/strong><br>Hier finden Sie Antworten auf die h\u00e4ufigsten Fragen, damit Sie das Beste aus Ihrem Besuch bei Reviewest herausholen k\u00f6nnen:<\/p>\n\n\n\n<hr class=\"wp-block-separator has-alpha-channel-opacity\"\/>\n\n\n\n<h3 class=\"wp-block-heading\">1. Wie kann ich die Inhalte auf dieser Website nutzen, um kl\u00fcger einzukaufen?<\/h3>\n\n\n\n<p>Unser Blog bietet ausf\u00fchrliche Ratgeber, Vergleiche und Produkttipps in verschiedenen Kategorien. Egal, ob Sie Technik, Haushaltsger\u00e4te oder Alltagsprodukte kaufen m\u00f6chten \u2013 unser Ziel ist es, Ihnen klare und hilfreiche Informationen zu liefern, bevor Sie Geld ausgeben.<\/p>\n\n\n\n<hr class=\"wp-block-separator has-alpha-channel-opacity\"\/>\n\n\n\n<h3 class=\"wp-block-heading\">2. Verkauft Reviewest selbst Produkte?<\/h3>\n\n\n\n<p>Nein \u2013 wir sind kein Online-Shop. Wir geben Ihnen Empfehlungen und verlinken auf vertrauensw\u00fcrdige H\u00e4ndler wie Amazon. Der Kauf erfolgt immer direkt \u00fcber die jeweiligen externen Anbieter.<\/p>\n\n\n\n<hr class=\"wp-block-separator has-alpha-channel-opacity\"\/>\n\n\n\n<h3 class=\"wp-block-heading\">3. Werden Angebote und Empfehlungen regelm\u00e4\u00dfig aktualisiert?<\/h3>\n\n\n\n<p>Ja! Wir \u00fcberpr\u00fcfen und aktualisieren unsere Beitr\u00e4ge regelm\u00e4\u00dfig, damit Sie immer die aktuellsten Angebote, Preissenkungen und Bestseller sehen.<\/p>\n\n\n\n<hr class=\"wp-block-separator has-alpha-channel-opacity\"\/>\n\n\n\n<p class=\"has-medium-font-size\"><strong>Affiliate-Hinweis:<br><\/strong>Reviewest nimmt an Partnerprogrammen teil, darunter dem Amazon-Partnerprogramm. Das bedeutet, dass wir m\u00f6glicherweise eine kleine Provision erhalten, wenn Sie \u00fcber unsere Links einkaufen \u2013 ohne zus\u00e4tzliche Kosten f\u00fcr Sie. Alle Marken und Produktnamen sind Eigentum der jeweiligen Rechteinhaber.<\/p>\n","protected":false},"excerpt":{"rendered":"<p>Fragen?Hier finden Sie Antworten auf die h\u00e4ufigsten Fragen, damit Sie das Beste aus Ihrem Besuch bei Reviewest herausholen k\u00f6nnen: 1. Wie kann ich die Inhalte auf dieser Website nutzen, um kl\u00fcger einzukaufen? Unser Blog bietet ausf\u00fchrliche Ratgeber, Vergleiche und Produkttipps in verschiedenen Kategorien. Egal, ob Sie Technik, Haushaltsger\u00e4te oder Alltagsprodukte kaufen m\u00f6chten \u2013 unser Ziel [&hellip;]<\/p>\n","protected":false},"author":1,"featured_media":0,"parent":0,"menu_order":0,"comment_status":"closed","ping_status":"closed","template":"","meta":{"footnotes":""},"class_list":["post-390","page","type-page","status-publish","hentry"],"blocksy_meta":[],"_links":{"self":[{"href":"https:\/\/reviewest.online\/index.php\/wp-json\/wp\/v2\/pages\/390","targetHints":{"allow":["GET"]}}],"collection":[{"href":"https:\/\/reviewest.online\/index.php\/wp-json\/wp\/v2\/pages"}],"about":[{"href":"https:\/\/reviewest.online\/index.php\/wp-json\/wp\/v2\/types\/page"}],"author":[{"embeddable":true,"href":"https:\/\/reviewest.online\/index.php\/wp-json\/wp\/v2\/users\/1"}],"replies":[{"embeddable":true,"href":"https:\/\/reviewest.online\/index.php\/wp-json\/wp\/v2\/comments?post=390"}],"version-history":[{"count":3,"href":"https:\/\/reviewest.online\/index.php\/wp-json\/wp\/v2\/pages\/390\/revisions"}],"predecessor-version":[{"id":813,"href":"https:\/\/reviewest.online\/index.php\/wp-json\/wp\/v2\/pages\/390\/revisions\/813"}],"wp:attachment":[{"href":"https:\/\/reviewest.online\/index.php\/wp-json\/wp\/v2\/media?parent=390"}],"curies":[{"name":"wp","href":"https:\/\/api.w.org\/{rel}","templated":true}]}}